{"id":951,"date":"2021-07-05T21:13:59","date_gmt":"2021-07-05T19:13:59","guid":{"rendered":"https:\/\/sklep.axedserwis.com.pl\/?post_type=product&#038;p=951"},"modified":"2021-12-30T14:03:41","modified_gmt":"2021-12-30T13:03:41","slug":"chainway-c61-inwentaryzacja","status":"publish","type":"product","link":"https:\/\/sklep.axedserwis.com.pl\/index.php\/produkt\/chainway-c61-inwentaryzacja\/","title":{"rendered":"Chainway C61 \u2013 Inwentaryzacja"},"content":{"rendered":"<p>Chainway C61 \u2014 Mobilny komputer r\u0119czny &#8211; Kolektor danych<\/p>\n<p>Chainway C61 to gotowe rozwi\u0105zanie do \u0142atwego i szbykiego wykonywania inwentaryzacji. Dzi\u0119ki wbudowanemu skanerowi mo\u017cna odczytywa\u0107 r\u00f3\u017cnego typu kody kreskowe. Komputer mo\u017ce by\u0107 opcjonalnie wyposa\u017cony w ergonomiczny uchwyt pistoletowy ze spustem skanera, co znacznie u\u0142atwia korzystanie z urz\u0105dzenia i pozwala na wygodny odczyt kod\u00f3w kreskowych w trudnych warunkach pracy.<\/p>\n<p>To rozwi\u0105zanie jest oferowane w r\u00f3\u017cnych konfiguracjach sprz\u0119towych i programowych, dlatego te\u017c prosimy o bezpo\u015bredni kontakt z naszym Dzia\u0142em Sprzeda\u017cy pod adresem <a href=\"mailto:biuro@axedserwis.com.pl\">biuro@axedserwis.com.pl<\/a> lub telefonicznie 600 373 202, gdzie mog\u0105 Pa\u0144stwo uzyska\u0107 szczeg\u00f3\u0142owe informacje na temat dost\u0119pnych wariant\u00f3w, kt\u00f3re b\u0119d\u0105 najlepiej pasowa\u0107 do Pa\u0144stwa potrzeb.<\/p>\n<p>&nbsp;<\/p>\n<p>Szczeg\u00f3\u0142owy opis modelu Chainway C61, jego mo\u017cliwo\u015bci i dane techniczne, a tak\u017ce dost\u0119pne opcjonalne akcesoria mo\u017cna znale\u017a\u0107 <a href=\"https:\/\/axedserwis.com.pl\/chainway-c61\/\" target=\"_blank\" rel=\"noopener noreferrer\">na naszej stronie internetowej tego urz\u0105dzenia<\/a>.<\/p>\n<hr \/>\n<p>\u00a9AXED Serwis | Wszelkie prawa zastrze\u017cone | Fotografie produktu zamieszczone na tej stronie s\u0105 w\u0142asno\u015bci\u0105 firmy AXED Serwis i s\u0105 chronione prawami autorskimi. Zabrania si\u0119 kopiowania tych fotografii w ca\u0142o\u015bci lub ich cz\u0119\u015bci bez pisemnej zgody firmy AXED Serwis.<\/p>\n<hr \/>\n<div style=\"width: 980px;\" class=\"wp-video\"><!--[if lt IE 9]><script>document.createElement('video');<\/script><![endif]-->\n<video class=\"wp-video-shortcode\" id=\"video-951-1\" width=\"980\" height=\"551\" preload=\"metadata\" controls=\"controls\"><source type=\"video\/mp4\" src=\"https:\/\/sklep.axedserwis.com.pl\/wp-content\/uploads\/2021\/07\/Chainway_C61_Front.mp4?_=1\" \/><a href=\"https:\/\/sklep.axedserwis.com.pl\/wp-content\/uploads\/2021\/07\/Chainway_C61_Front.mp4\">https:\/\/sklep.axedserwis.com.pl\/wp-content\/uploads\/2021\/07\/Chainway_C61_Front.mp4<\/a><\/video><\/div>\n","protected":false},"excerpt":{"rendered":"<p>Chainway C61 \u2014 Mobilny komputer r\u0119czny &#8211; Kolektor danych &#8211; Gotowe rozwi\u0105zanie do inwentaryzacji.<\/p>\n","protected":false},"featured_media":941,"template":"","meta":[],"_links":{"self":[{"href":"https:\/\/sklep.axedserwis.com.pl\/index.php\/wp-json\/wp\/v2\/product\/951"}],"collection":[{"href":"https:\/\/sklep.axedserwis.com.pl\/index.php\/wp-json\/wp\/v2\/product"}],"about":[{"href":"https:\/\/sklep.axedserwis.com.pl\/index.php\/wp-json\/wp\/v2\/types\/product"}],"wp:featuredmedia":[{"embeddable":true,"href":"https:\/\/sklep.axedserwis.com.pl\/index.php\/wp-json\/wp\/v2\/media\/941"}],"wp:attachment":[{"href":"https:\/\/sklep.axedserwis.com.pl\/index.php\/wp-json\/wp\/v2\/media?parent=951"}],"curies":[{"name":"wp","href":"https:\/\/api.w.org\/{rel}","templated":true}]}}